 is the units digit of v?
1
Let d be 1/(-4) + (-123)/(-12). Suppose q = 35 + d. Let s = -25 + q. What is the units digit of s?
0
Suppose l + 3*l - 32 = 2*j, 4*l + 5*j - 32 = 0. What is the units digit of l?
8
Let b(w) = 3*w**2 - 5*w + 3. Let h(f) = f**2 + 1. Let d(j) = b(j) - 4*h(j). Suppose 5*a = 3*p + 2 - 27, 5*a - 5*p + 35 = 0. What is the units digit of d(a)?
5
Let m = -192 + 251. What is the tens digit of m?
5
Let p = 30 - 43. What is the units digit of 3/3*(-2 - p)?
1
Let w(f) = 13*f - 10. What is the units digit of w(3)?
9
Let m(h) = 2*h - 1. Let u be m(2). Let o be -8 - (2 + -3 + u). Let z(c) = c**2 + 9*c + 7. What is the tens digit of z(o)?
1
Let h(f) be the third derivative of f**5/60 + 7*f**4/24 + f**3 + 2*f**2. Let p be h(-6). What is the units digit of 10/(2 + p) + 1?
6
Let j = 46 - -56. What is the hundreds digit of j?
1
Suppose 2*t - 6*w = -2*w - 114, 4*w = -5*t - 341. Let l = -41 - t. What is the tens digit of l?
2
Let o(v) = 0*v - 7*v + 0 + 9 - v**3 + 7*v**2. Let z be o(6). Suppose -z*c - 4*g + 9 = 0, -g + 10 = 4*c - 2. What is the units digit of c?
3
Let q(o) be the third derivative of 0 - 5/24*o**4 - 1/2*o**3 + 0*o + 1/30*o**5 + 3*o**2. What is the units digit of q(4)?
9
Let v be 35/5*(1 - 2). Let w = 3 - v. What is the tens digit of w?
1
Let n(u) = u**2 + 3*u + 2. Let d be n(-2). Suppose d = -g + 7 - 4. Suppose l = 3*i - g, 0 = 5*l + 3*i - 50 - 25. What is the units digit of l?
2
Let h(n) = 5*n**2 + 7*n - 10. Let y(u) = -4*u**2 - 7*u + 9. Let l(d) = -5*h(d) - 6*y(d). Let v be l(6). Suppose k - v = -k. What is the units digit of k?
1
Let n = -4 - -5. Let a(w) = -10*w - 1. Let p be a(n). Let h = -3 - p. What is the units digit of h?
8
Suppose -2*b + 90 = 5*y, -3*y + 4 = -b - 39. What is the units digit of y?
6
Suppose -2*p = u - 29, 7*u + 2*p = 2*u + 161. What is the tens digit of u?
3
Suppose 5*a - 5 - 55 = 0. What is the units digit of a?
2
Let c = -15 - -99. What is the tens digit of (5/(-3))/((-14)/c)?
1
Suppose -42*t = -48*t + 54. Let u(s) = 14*s - 7. Let h(c) = 5*c - 2. Let l(g) = -11*h(g) + 4*u(g). What is the units digit of l(t)?
3
Let v be 36/48 + (-21)/(-4). What is the units digit of (v/9)/(8/60)?
5
Let b(m) = m**2 + 4*m. Let p be b(-4). Let s = p - -6. What is the units digit of s?
6
Let i(l) = l**2 + 8*l + 7. Let o be i(-6). Let j = o + 7. What is the units digit of j/3 - (-196)/12?
7
Let b(q) = -3*q**3 - 17*q**2 + 13*q + 10. Let a(u) = 4*u**3 + 25*u**2 - 19*u - 15. Let z(i) = 5*a(i) + 7*b(i). What is the tens digit of z(4)?
1
Let b(l) = -l**3 + l**2 - l + 30. Let u be b(0). Suppose 2*c = -c. Suppose 4*a - 8*a + 8 = c, 5*a = -4*t + u. What is the units digit of t?
5
Suppose -6*k + 15 = -k. What is the tens digit of k + (0 + 63)/3?
2
Let y = 74 - 47. Suppose -4*i - 15 = i - k, -5*k + y = -i. What is the units digit of 10/2 - (-4)/i?
3
Let n(z) = -2*z**3 - 3*z**2 + 6*z + 5. What is the tens digit of n(-6)?
9
Let s = 4 + -2. Suppose 324 = s*b + 2*b. Suppose 0 = 4*q - b + 17. What is the tens digit of q?
1
Let d(z) = z**3 - 6*z**2 + 5*z - 5. Let h(y) = y**2 - y - 1. Let g(b) = -d(b) + 4*h(b). What is the units digit of g(9)?
1
Suppose -5*m + 3*m = 6. Let p = 7 + m. What is the units digit of p?
4
What is the units digit of (-8 - -6)*(-21)/2?
1
Let l be (-2)/4 - (-14)/4. Suppose -d - l*d = -4. What is the units digit of d?
1
Suppose -12 = 3*q + 4*c, -2*q + 3*c - 33 = q. Let a = -7 - q. Let j(u) = 13*u**2 - u + 1. What is the tens digit of j(a)?
1
Suppose -6*d + 641 - 131 = 0. What is the tens digit of d?
8
Suppose -3*g + 8 = -22. Suppose -5*t + g*t + 30 = 0. Let s(f) = -f. What is the units digit of s(t)?
6
Let c(t) = t**2 + 4*t - 5. Let m be c(-6). Let l = -7 + m. Suppose -4*p + 64 = -l*p. What is the tens digit of p?
1
Let y(p) = -p**3 + 5*p**2 + 24*p - 9. What is the tens digit of y(7)?
6
Let r(d) = -d**2 + 3. Let v be r(-3). Let c = v + 11. Suppose -3*i - 3 = -5*l, 2*i = c + 3. What is the units digit of l?
3
Let u(l) = -l**2 + 9*l - 9. Let v be u(8). Let h be 1*v + 7/(-7). Let o = h + 6. What is the units digit of o?
4
What is the tens digit of 117/7 + (-20)/(-70)?
1
Suppose 3*k - 4*k = 4. What is the tens digit of (-371)/(-21) - k/(-6)?
1
Suppose -2*y = -3*o - 32, -y - 4*o = 4 + 2. What is the tens digit of y?
1
Suppose 2*m - 9 = 53. What is the tens digit of m?
3
Let l be (0/(9/3))/(-1). Suppose 0*i + 5*i - o - 3 = l, 10 = 5*o. What is the units digit of i?
1
Let m(l) = 2*l**2 + l. Let s be ((-6)/(-4))/((-1)/2). Let q = s + 1. What is the units digit of m(q)?
6
Suppose 0 = -4*x - x + 15. Let a(j) = 13*j + 3. What is the tens digit of a(x)?
4
Let n = -27 + 38. Suppose -5*y + 2*t = -79, -y + 0*t + n = -2*t. What is the units digit of y?
7
Suppose 3*u = -u + 168. What is the units digit of u?
2
Let c = 19 + -14. Let v = 13 + c. What is the units digit of v?
8
Let o = -49 + 87. Let w = 68 - o. Suppose w = p + 2*p. What is the tens digit of p?
1
Suppose -2*v + o = 3*v - 22, 4*v - 2*o - 14 = 0. Let k = -11 - -8. What is the units digit of (-2)/2 + k + v?
1
Let a(t) = -t**3 - 3*t**2 + t + 3. Let w be a(-3). Suppose w*u - 2*u = -4. What is the units digit of -4*u*(-1)/2?
4
Suppose 4*c + m - 41 = 0, -m + 35 = 3*c + 5. Let s = c + -3. Let g = s - 5. What is the units digit of g?
3
Let z = -235 + 503. What is the tens digit of z?
6
Let s(d) = -3*d**3 + 1 + d**2 - 6 + 4. Let n = 4 - 5. What is the units digit of s(n)?
3
What is the units digit of 90 - (-3 + 2) - 4?
7
Let w = -1 + 10. Suppose -2*c - c = 9. Let l = w + c. What is the units digit of l?
6
Let o = -1 - -2. Suppose 3*n - 2*n = o. Let q(y) = 6*y**2 + 1. What is the units digit of q(n)?
7
Let u(h) = -h**2 + 1. Let g(d) = -3*d**2 + 2*d + 8. Let i(p) = -g(p) + 2*u(p). What is the units digit of i(-5)?
9
Let r be -1 - 5/((-15)/36). Let i = r - 6. What is the units digit of i?
5
Suppose 4*w = 3*c + 2*w - 102, 5*c - w - 163 = 0. Suppose 7*l - 2*a = 3*l + 34, -5*l = a - c. What is the units digit of l?
7
Let r(f) = 2 - 3*f**2 + 2*f + f**3 - 1 - 9*f. What is the units digit of r(5)?
6
Let l be (-9)/(-4) - 5/20. Suppose -l*j = -j - 15. What is the units digit of j?
5
Suppose -j - 2 - 3 = 0. Let r = -2 - j. What is the units digit of r?
3
Let o = 0 - 3. Let r = o + 4. Let a(n) = 8*n + 1. What is the units digit of a(r)?
9
Let s be (-15)/(-5) - (-1 - -1). Suppose -5*j + 25 = 3*h, -h - s*j = -4*j - 3. What is the units digit of h?
5
Let s(u) = 5*u**3 - 4*u**2 + 6*u - 2. What is the tens digit of s(2)?
3
Suppose n = 5*n - 20. What is the units digit of n?
5
Suppose 0 = 3*z - 2*d - 3 + 1, 5*z + 4*d = 18. Let h be ((-2)/(-3))/((-6)/(-9)). Suppose -2*y + 4*n + h - 5 = 0, -z*n - 10 = -3*y. What is the units digit of y?
6
Let m = -27 + 105. What is the units digit of m?
8
Suppose 5*r + 16 = -4*o, 3*o + 7 = -4*r - 5. Suppose r = 4*y - 17 - 3. What is the units digit of y?
5
Suppose 4*z + 76 = 2*k, k + 2*z - 74 = -2*k. Suppose -d = d - k. What is the units digit of d?
4
What is the tens digit of 22 - 5/((-25)/(-10))?
2
What is the units digit of (-2 + 3)/((-10)/(-220))?
2
Let n = -6 + 3. Let u be (-1)/(n/9 + 0). Suppose 2 = u*p - p. What is the units digit of p?
1
Suppose -3*h + 44 + 37 = 0. Suppose h = z + 2*z. What is the units digit of z?
9
Suppose 0 = 3*s - 6. Let y = 1 + 1. Suppose s*c + 0*d + y*d - 16 = 0, 4*c - 28 = -2*d. What is the units digit of c?
6
Let r(x) = -x**3 - 9*x**2 - 3*x + 5. Let m(i) = -i**2 + 7*i - 9. Let b be m(7). What is the units digit of r(b)?
2
Suppose 3*s - 54 - 36 = 0. What is the tens digit of s?
3
Let g(a) = a**3 - 3*a**2 - 2*a + 4. Let v be g(4). Let p be 8/(-2) - (-1 - 2). What is the units digit of 98/v + p/6?
8
Suppose -k = -3*r - 41, 0 = -2*r - r - 3*k - 45. Let o = r + 10. Let t = o - -6. What is the units digit of t?
2
Let u be (-4 - -2)*2 - 0. Let k = 27 + u. What is the tens digit of k?
2
Suppose 0 = 19*t - 20*t + 50. What is the tens digit of t?
5
Let l(b) = -10*b**3 - 5*b**2 - 8*b - 3. Let z be l(-3). What is the tens digit of (-1)/3 + z/9?
2
Let i be ((-9)/12)/((-2)/(-8)). Let s = i + 7. Suppose -4*t + 17 = 2*z - 9, 0 = -s*z + t + 7. What is the units digit of z?
3
Let b = -25 - -39. What is the units digit of b?
4
Suppose -150 = u - 6*u. What is the units digit of u?
0
Let x(h) = h**3 - 10*h**2 + 2. Let w be x(10). Suppose -125 = w*